/(-2)?
3
Suppose -5*c - 10 = 2*g - 0*g, 0 = 4*c + 16. Suppose -g*f + 5*y + 321 = -104, 3*f + y = 247. What is the tens digit of f?
8
Suppose 0 = -5*l + 145 + 3375. What is the tens digit of l?
0
Let d = 94 + -60. Let s = d - -60. What is the units digit of s?
4
Let c be -2*(-2 + 2/6*0). Suppose -f - 4*f - c*x + 780 = 0, 0 = -3*x. What is the units digit of f?
6
Let f(o) = 14*o**2 - 4*o + 3. Let c = -10 - -14. Let v be f(c). What is the tens digit of v/5 + 1/(-5)?
4
Suppose -3*j = u - 302, -5*j + 389 = -5*u - 101. What is the units digit of j?
0
What is the tens digit of 7680/30*(-10)/(-8)?
2
Let o(h) = -h**3 + 3*h**2 - 13*h - 102. What is the tens digit of o(-8)?
0
Let n = 94 + 39. What is the hundreds digit of n?
1
Suppose n = -n - m + 1741, 3*n = -m + 2614. What is the units digit of n?
3
Suppose 0 = -0*d + 3*d + 2*a + 2, -2*d + 1 = -a. Suppose 11*p - p - 2130 = d. What is the units digit of p?
3
Suppose t = 1220 - 189. What is the thousands digit of t?
1
What is the tens digit of 9 - (-2042 - (6 - 5))?
5
Suppose 4*w + 15 = 9*w. Suppose i = w*i - 362. What is the units digit of i?
1
What is the tens digit of 5/(-2)*184782/(-515)?
9
Let b(d) = 7*d - 5. Let o(z) = 7*z - 5. Let g(l) = 5*b(l) - 4*o(l). Suppose s = -5*y + 5 + 11, 0 = 5*s + 3*y - 36. What is the units digit of g(s)?
7
Let j = 1186 - 741. Let s = j + -257. What is the units digit of s?
8
Let a(n) = -n**3 - 11*n**2 + 2. Let t be a(-11). Let z(x) = 2*x**2 - 3*x + 1. Let m be z(t). Suppose 7 = m*f - 5. What is the units digit of f?
4
Let u = 813 - -664. What is the tens digit of u?
7
Suppose 6*d - q - 4312 = d, q = -2. What is the tens digit of d?
6
Suppose -1132 = -5*j + 743. What is the hundreds digit of j?
3
Let o = 297 - 164. Let l = -50 + o. What is the units digit of l?
3
Suppose -3*n - 4911 = -3*q, -10*n = q - 6*n - 1632. What is the units digit of q?
6
Let f(y) = y**2 - y + 35. Suppose 2*s - 14*s = -192. What is the tens digit of f(s)?
7
Let r be ((-16)/(-16))/(1/8). Suppose -7*c - r = -155. What is the units digit of c?
1
Suppose 3*q - 2609 = -5*d + 594, 0 = -q + d + 1073. What is the hundreds digit of q?
0
What is the hundreds digit of 1043/(((-64)/(-12))/16)?
1
Let u(j) = 5*j**2 + j**2 + j**2 + 0*j**3 + 9 - 3*j + j**3. Let f be u(-6). What is the units digit of ((-20)/3)/((-21)/f)?
0
Let x(y) be the second derivative of y**5/20 - 3*y**4/2 + 23*y**3/6 - 19*y**2/2 + 5*y. What is the tens digit of x(17)?
8
Let h = 13 - 11. Suppose 12 = 3*r + 3*g, 2*g + 16 = 6*g. Suppose h*z + r*z = 2. What is the units digit of z?
1
Let t be 6/(-24) + (3 - 3279/(-12)). Suppose -22*q = -24*q + t. What is the units digit of q?
8
Let m be 1 + -3 + 1 + (-30)/(-5). Suppose -195 - 2 = -2*z - t, -m*z = 3*t - 492. What is the units digit of z?
9
Let d be ((-2)/(-1))/((-8)/132). Let c = d - -102. What is the units digit of c?
9
Let w(m) = 5 - 9*m**2 - 2 - m**3 - 1 + 0. Let t be w(-4). What is the units digit of (-20)/(-15)*t/(-4)?
6
Suppose 0 = 3*b - w - 3507, -7*w = -12*w + 15. What is the units digit of b?
0
What is the tens digit of (-656)/((-1)/((-5)/(-10)))?
2
Let x(q) = -7*q + 10 - 5 - 21. What is the units digit of x(-9)?
7
Let q = -437 - -1001. What is the units digit of q?
4
Suppose -4*l - 6 = -6*l + 3*i, 3*i + 6 = l. Suppose -3*m - 1271 = -5*y - 431, l = 3*m. What is the units digit of y?
8
Let q(b) = -b**3 + 4*b**2 + 3. Let u be q(4). Suppose 2*n + 4*l - 440 = -n, -u*n + 3*l = -447. What is the units digit of n?
8
Suppose -3*x = -p - 11, -5*x = 2*p + 2*p - 41. Suppose -4*m = 2*d - 0*m - 102, 5*d = -x*m + 245. Suppose 6*s = 7*s - d. What is the units digit of s?
7
Let d = -540 + 631. What is the tens digit of d?
9
Suppose 27 = 4*k - 37. Suppose 5*c - k = c. Suppose v - i = 23, -c*i - 74 = -2*v - v. What is the units digit of v?
8
Suppose -2*d + 12 = -16. Let l be 6*1 + d/14. Suppose -4*o = -l*o + 108. What is the units digit of o?
6
Let p = -21 + -9. Let x = p + 59. What is the units digit of x?
9
Suppose 0 = -2*s - 35 - 15. Suppose y = -4*y + 165. Let u = y + s. What is the units digit of u?
8
Let s(p) = p**3 + 7*p**2 + 3*p + 1. Let o be s(-3). Let u = 51 - o. Suppose -2*v = -u - 17. What is the units digit of v?
0
Suppose 5*j - 3*f - 9619 + 2018 = 0, -j + 3*f + 1525 = 0. What is the tens digit of j?
1
Let w(r) = r**3 + 8*r**2 + 6*r + 9. Let b = 43 + -14. Let f = b - 36. What is the tens digit of w(f)?
1
Let l be 8 + -5 - (0 - 1). Suppose -l*x + 7 = -1. Suppose 3*w + h = 169, x*w + h = -h + 106. What is the units digit of w?
8
Let f = 6198 - 3189. What is the hundreds digit of f?
0
Let a = 17 - 7. What is the units digit of 1/(-2) + 665/a?
6
Suppose 589 = 4*a + 173. Suppose -2*d = -x - a, 38 = 4*d + 4*x - 146. What is the tens digit of d?
5
Suppose -2*k = -8 - 90. Let a = -40 + k. What is the units digit of a?
9
Suppose 4*p = -5*d + 247, -5*p - 3*d = -6*d - 355. Suppose b - p = -10. What is the units digit of b?
8
Let d(f) be the second derivative of f**5/20 - f**3/2 + 209*f**2/2 - 27*f. What is the hundreds digit of d(0)?
2
Let i = -6 + 1. What is the units digit of -19*5/(i/3)?
7
Let c = 526 + -352. Let q = c + -51. What is the hundreds digit of q?
1
Let r(u) = -u**2 + 8*u - 8. Let l be r(7). Let w = -13 - l. What is the units digit of (w - -11)/((-1)/6)?
6
Let t be (20/(-8))/(-5)*0. Let s(u) = 8*u + 140. What is the tens digit of s(t)?
4
Let a(p) = -p**3 + 4 - 7*p**2 - 8*p**2 + 3*p + 12*p**2. What is the units digit of a(-4)?
8
Suppose -2*p + 5674 = 5*l + 21355, -l - 3150 = 5*p. Let w be l/(-15) - 1*4. Suppose 0 = -3*k - 2*j - 50 + 171, 5*j - w = -5*k. What is the tens digit of k?
3
Let z = 52 - 49. Suppose -4*d = -z*d - 98. What is the units digit of d?
8
Suppose f = -2*a - 20, -f + 5*f + a = -59. Let c be 174/4 - f/28. Suppose 2*d - 132 = -3*l, 6*d = l + 7*d - c. What is the units digit of l?
4
Let q = -2202 + 2205. What is the units digit of q?
3
Suppose 3*f = -2*f. Suppose f = 2*b - 0*b - 82. Let a = -24 + b. What is the units digit of a?
7
Suppose -4*x = -2*q + 2670, -2*q + 284*x = 279*x - 2671. What is the hundreds digit of q?
3
Let d(s) = -s**3 + 44*s**2 + 72*s - 35. What is the hundreds digit of d(45)?
1
Suppose 2*g = -5*j - 53, -7 + 2 = -5*g. Let c = 14 - j. What is the tens digit of c + (0 - -3 - 1)?
2
Suppose -33*i + 6978 = -1899. What is the tens digit of i?
6
Suppose 9*y + 13 + 5 = 0. What is the units digit of (y/(-1))/((-8)/(-232))?
8
Let x(q) = -q. Let g be x(-2). Suppose 0 = -5*i + g*d - 18, 0 = -d - 0*d + 4. What is the tens digit of ((-3)/i)/(30/500)?
2
Let a(k) = k - 2. Let y be a(2). Suppose y = -3*f - 6*f + 117. What is the units digit of f?
3
Suppose -5*y - 243 - 612 = 2*t, -5*t - 494 = 3*y. Let b = y - -244. What is the tens digit of b?
7
What is the thousands digit of 15/(-105) - (7617/(-7) + -3)?
1
Suppose 29 = o - p, 4*o + 0*p = -2*p + 146. What is the tens digit of o*(-3 + (-7)/(-2))?
1
Let m(r) = -58*r + 75. What is the units digit of m(-27)?
1
Let r = -1011 - -1707. What is the units digit of r?
6
Let h = 415 - 226. Let u = h - 122. What is the units digit of u?
7
Let r be (0 - 5)/(-1*3/6). Let n(l) be the first derivative of -l**3/3 + 15*l**2/2 - l + 2. What is the tens digit of n(r)?
4
Let n = 57 + -13. What is the tens digit of 1 + 2 + n + -4?
4
Let a(o) = 3*o**3 - 3*o**2 + 11*o - 3. Let f(h) = -h**3 + h**2 - 3*h + 1. Let c(s) = -2*a(s) - 9*f(s). What is the hundreds digit of c(4)?
1
Suppose 2*d = 3*s + 2*s - 234, 3*d + 87 = 2*s. Let h = s + -25. Suppose 15 + h = r. What is the tens digit of r?
3
Let u(p) = -130*p. Let q be u(-1). What is the units digit of 5 + 1 + q + 2?
8
Let a(m) = 7*m - 19. Suppose -5*b + 3*o = -57, -3*o - 33 = -4*b + 15. Let z be a(b). Suppose -4*i + 8*i = z. What is the units digit of i?
1
Let u = 8352 + -3015. What is the hundreds digit of u?
3
Let f be (-3)/(30/212)*5. Let z = -28 + 181. Let o = z + f. What is the tens digit of o?
4
Let q(w) = 119*w - 11. Let u be q(-1). Let c = -123 - u. What is the units digit of c?
7
Suppose 2*x = p + 21, -3 = -x - 0*p - p. Let g = -5 + x. Suppose l - 21 = -g*t, -3*t + 2*l = -t - 6. What is the units digit of t?
6
Suppose -6391 = -7*w - 133. What is the hundreds digit of w?
8
What is the units digit of (1400 - 4)*1/2?
8
Let v = -172 + 317. Suppose 4*c - 115 = v. What is the units digit of c